se 2, what is -11000011100110 - 100110000?
-11001000010110
In base 15, what is -45 - c94e0?
-c9535
In base 3, what is -20011112222 - 1112?
-20011121111
In base 6, what is -145244 - 1150?
-150434
In base 4, what is -21210011223002 - 3?
-21210011223011
In base 2, what is 101011110100011 - 101100001?
101011001000010
In base 11, what is 19902 + 31a5a?
50861
In base 15, what is -4 - 1d1c5d0?
-1d1c5d4
In base 14, what is 46b297 - 41?
46b256
In base 12, what is 13014 - -2a26?
15a3a
In base 6, what is -2014442 - 12?
-2014454
In base 16, what is 4d87e2 - 1?
4d87e1
In base 14, what is -388888 - 6?
-388890
In base 7, what is 36 - 110231144?
-110231105
In base 12, what is -355 + -44495a?
-4450b3
In base 13, what is -502391 - -3?
-50238b
In base 2, what is 10111111001101 + -10101011001001?
10100000100
In base 9, what is -1643 - -633744?
632101
In base 15, what is 0 + 8acc79?
8acc79
In base 11, what is 719 - 3098?
-247a
In base 12, what is -1b7898 - -7?
-1b7891
In base 16, what is 187c + -2a42?
-11c6
In base 11, what is 1474 - -1717?
3090
In base 12, what is -26106238 + 5?
-26106233
In base 3, what is 21111102 + 101012101?
122200210
In base 2, what is -111 + -111101001101100110000010100?
-111101001101100110000011011
In base 6, what is 1342551523 + 13?
1342551540
In base 8, what is -12550 + 463642?
451072
In base 5, what is -413020 - 303?
-413323
In base 5, what is -434441 - -102140?
-332301
In base 13, what is 28c248 + -49?
28c1cc
In base 16, what is 201 + a462?
a663
In base 11, what is -97721 + 80?
-97651
In base 6, what is -10144531525 - -1?
-10144531524
In base 14, what is -ba - -1a3d42?
1a3c66
In base 8, what is 22127507 + -7?
22127500
In base 10, what is 624321 + 156?
624477
In base 5, what is -11230 - -1302344?
1241114
In base 15, what is 1c7 + 5c5a?
5e32
In base 12, what is 8072613 - -18?
807262b
In base 15, what is -7c8 - 183a9?
-18b82
In base 7, what is -1 - 1052100623?
-1052100624
In base 12, what is -2 - -1952297?
1952295
In base 4, what is -2 + -100233121310011?
-100233121310013
In base 13, what is -a5292 + 1c?
-a5273
In base 5, what is 24 + -104233422221?
-104233422142
In base 10, what is -5 - -793828?
793823
In base 4, what is -22 - -11211202120?
11211202032
In base 16, what is -1 + 10657ac?
10657ab
In base 7, what is 36 + 16066642?
16100011
In base 2, what is -11000000 - 1100000011001011001?
-1100000011100011001
In base 8, what is 31667 - 4362?
25305
In base 7, what is 62 - 1203362?
-1203300
In base 14, what is 6b5 + 17950?
18225
In base 5, what is 10 - -20100142400?
20100142410
In base 3, what is 111 + 2100022111110?
2100022111221
In base 15, what is -652d8 + 566?
-64c72
In base 4, what is 11100332301 + 1?
11100332302
In base 2, what is 1001010110101111000 - -1100?
1001010110110000100
In base 14, what is 55 + 1bb7b3?
1bb828
In base 3, what is -11210 + -1111120001?
-1111201211
In base 12, what is 729b + -10ba?
61a1
In base 7, what is 1134453 - -664?
1135450
In base 3, what is 1112101 + -1200202101?
-1122020000
In base 15, what is -119b909 - b?
-119b915
In base 13, what is -31 + -502534?
-502565
In base 11, what is -8 + 44142343?
44142336
In base 3, what is -100002001211100 - 1111?
-100002001212211
In base 6, what is -2323300 + 1203?
-2322053
In base 6, what is 2 + 4312534551?
4312534553
In base 8, what is -261313 + -20765?
-302300
In base 4, what is 11233 - -3102223231?
3102301130
In base 14, what is 3 + -13c421?
-13c41c
In base 6, what is 1 - 50530232?
-50530231
In base 12, what is 519 - 940a3?
-93786
In base 13, what is 113215 + 1c?
113234
In base 8, what is 131666 + 1355?
133243
In base 14, what is 2 + 11d2420?
11d2422
In base 16, what is 160 - -2413?
2573
In base 9, what is 215 - -273666?
273882
In base 11, what is -1 - -2001a5a?
2001a59
In base 6, what is -4 - -5420443023?
5420443015
In base 9, what is -36608570 - -11?
-36608558
In base 5, what is 30 + 2142323321?
2142323401
In base 13, what is 3016c - 44?
30128
In base 10, what is -26796 + -119?
-26915
In base 16, what is 716 + -cfc?
-5e6
In base 8, what is -4 - -116305221?
116305215
In base 9, what is -85386321 - -1?
-85386320
In base 4, what is 2333 - 211330321?
-211321322
In base 8, what is -11 + 42714257?
42714246
In base 2, what is 1000000 - -11010000111001111?
11010001000001111
In base 13, what is -326 - -2554?
222b
In base 9, what is 3 - -158818845?
158818848
In base 5, what is -31 + 24020040121?
24020040040
In base 7, what is 1 + -2316022365?
-2316022364
In base 13, what is 1573202 + 2?
1573204
In base 5, what is -104113 - -3011?
-101102
In base 9, what is 1554171 - -110?
1554281
In base 7, what is -32145504 - 135?
-32145642
In base 4, what is -22202303231 - 12?
-22202303303
In base 3, what is -20020202 + -211102010?
-1001122212
In base 6, what is -4 - -54405513?
54405505
In base 15, what is -12 + 12739?
12727
In base 15, what is -6797 + -100?
-6897
In base 11, what is 0 - -1598a897?
1598a897
In base 16, what is 10db2ec + -a?
10db2e2
In base 15, what is -144 + 8ba96?
8b952
In base 2, what is -10100101001101 + 110110000110?
-1101111000111
In base 6, what is -401033 - -103024?
-254005
In base 14, what is -1 + -961a67?
-961a68
In base 3, what is 112 - -22022111122211?
22022111200100
In base 9, what is 2 + 23757447?
23757450
In base 5, what is 134 + 223301101?
223301240
In base 5, what is 1010124 - 2031242?
-1021113
In base 4, what is 33022220 - -1111?
33023331
In base 11, what is 34a2 - 16107?
-12715
In base 6, what is -121450535042 + 5?
-121450535033
In base 7, what is 20263 + -21045?
-452
In base 11, what is 14 - 2258a24?
-2258a10
In base 6, what is -1004 + -1501055?
-1502103
In base 11, what is 383 - -671?
a44
In base 11, what is -326040 + 29?
-326012
In base 10, what is 3 + 2823066?
2823069
In base 5, what is 22 + 10111012010?
10111012032
In base 9, what is 386 - 4658078?
-4657582
In base 5, what is -2310 - -133441202?
133433342
In base 5, what is 1 + 141443044?
141443100
In base 12, what is -3801829 + 0?
-3801829
In base 7, what is -2 - 1120206121?
-1120206123
In base 4, what is 102 + -1201220313?
-1201220211
In base 6, what is -2525223123 + 4?
-2525223115
In base 7, what is -214144 + -22?
-214166
In base 5, what is -1 + -42114113134?
-42114113140
In base 7, what is 3 + 1512462210?
1512462213
In base 15, what is 6 - -276995?
27699b
In base 2, what is 1101111100011010100 - 1100110?
1101111100001101110
In base 15, what is -6eb1 + -230?
-71e1
In base 12, what is 167 + -3a337b?
-3a3214
In base 10, what is -1161 - -73825?
72664
In base 4, what is 1300 + 13321222?
13323122
In base 16, what is 4dade6 - -15?
4dadfb
In base 10, what is -116 - -29502?
29386
In base 4, what is -21103222222 - -100?
-21103222122
In base 6, what is 2 - 400503340?
-400503334
In base 4, what is 23030111000 - -31?
23030111031
In base 11, what is 101 + -5365?
-5264
In base 6, what is -5424215012 - -4?
-5424215004
In base 15, what is 340dd43 + 19?
340dd5c
In base 12, what is -6b51 + -4270?
-b201
In base 8, what is -552462 - -6?
-552454
In base 2, what is -110100101100110011001 + -10111?
-110100101100110110000
In base 5, what is 14110114343 - -13?
14110114411
In base 2, what is -10001011000 + 11100101101000101000?
11100101010111010000
In base 6, what is 2141350541 - -2?
2141350543
In base 12, what is 50a50 + 21b?
5106b
In base 6, what is -1230213341 + 4?
-1230213333
In base 7, what is 5 + 14242626?
14242634
In base 7, what is 3354305 - 16?
3354256
In base 9, what is -306 + -182325?
-182632
In base 15, what is bb35ad - -c?
bb35ba
In base 2, what is -110100000 + 100100011100001?
100011101000001
In base 8, what is -51015 + 64?
-50731
In base 4, what is -12 + -10220131310?
-10220131322
In base 14, what is 5b41780 + -4?
5b4177a
In base 4, what is -20133 + -111110?
-131303
In base 16, what is 79adc + -13?
79ac9
In base 9, what is 310425628 - -1?
310425630
In base 11, what is 13 - -1306610?
1306623
In base 11, what is -42037 - -311?
-41826
In base 5, what is 3004213221 - -332?
3004214103
In base 3, what is 202 + 2111000100111?
2111000101020
In base 6, what is -1053 + -3452042?
-3453135
In base 4, what is 1310313313 + -1022?
1310312231
In base 5, what is -1212123444211 - -2?
-1212123444204
In base 6, what is -2350201 - -253?
-2345504
In base 6, what is 522 - -24010450?
24011412
In base 4, what is 10210313 + 23112?
1